192199 a composite number?
True
Is 1361943637 prime?
False
Is 452444149 prime?
False
Is 10649818733 a prime number?
True
Is 15482904419 a prime number?
True
Is 59854784557 prime?
True
Is 3434858027 a composite number?
True
Is 292664399 a prime number?
False
Is 505425799 a prime number?
True
Is 109626316931 a prime number?
True
Is 14072376443 prime?
False
Is 140743893989 a prime number?
True
Is 65124085777 composite?
True
Is 27416600567 a prime number?
True
Is 45276142181 a prime number?
False
Is 16855487791 prime?
True
Is 88232362837 prime?
False
Is 79431043 prime?
True
Is 11678299453 composite?
False
Is 380264454991 prime?
True
Is 66665317681 a prime number?
True
Is 1282487243 a composite number?
True
Is 4819418806 a composite number?
True
Is 15718432633 composite?
False
Is 2935925815 a prime number?
False
Is 4011571373 prime?
False
Is 26805713017 a prime number?
False
Is 7651069799 prime?
True
Is 9794628187 a composite number?
True
Is 6929583249 composite?
True
Is 4161933899 prime?
False
Is 634375019 composite?
False
Is 13483433 a composite number?
True
Is 2247651967 composite?
True
Is 19316981557 prime?
True
Is 733415021 composite?
True
Is 2619019421 prime?
True
Is 2487785291 composite?
False
Is 4118398481 prime?
True
Is 80048877 a composite number?
True
Is 107237855269 a prime number?
True
Is 24710832889 composite?
True
Is 194096587 a prime number?
True
Is 4813198307 a composite number?
False
Is 18998779433 a prime number?
True
Is 16825468271 a prime number?
False
Is 1102636121 a composite number?
True
Is 1241884331 a composite number?
False
Is 904763411 prime?
True
Is 502124213 prime?
True
Is 1680484171 prime?
False
Is 160862519 prime?
True
Is 978707099 prime?
True
Is 245218189 a prime number?
False
Is 25827572471 composite?
False
Is 18484335769 a prime number?
False
Is 753132587 prime?
True
Is 1367404147 prime?
True
Is 470860757 a prime number?
True
Is 23704569703 prime?
True
Is 280654969 a composite number?
True
Is 14220708757 composite?
False
Is 5084764571 a prime number?
True
Is 12997938847 prime?
True
Is 4191259691 a composite number?
False
Is 1738554773 composite?
False
Is 1462374877 composite?
True
Is 107121139 a composite number?
False
Is 2024777707 a composite number?
True
Is 25042692733 a prime number?
True
Is 1404643109 composite?
True
Is 388699189 prime?
True
Is 4976804211 a composite number?
True
Is 451627513 a composite number?
True
Is 5163118001 composite?
False
Is 897914387 composite?
True
Is 12108758437 a composite number?
False
Is 34255937641 a prime number?
False
Is 751755061 a prime number?
True
Is 54830695913 a prime number?
False
Is 991705317 a composite number?
True
Is 751861183 a prime number?
True
Is 3684941161 prime?
False
Is 4524270691 a prime number?
True
Is 6007404811 prime?
True
Is 460101657 a prime number?
False
Is 131502233 prime?
True
Is 255068887 a prime number?
False
Is 3766505521 prime?
True
Is 9676299599 composite?
False
Is 47203204307 composite?
True
Is 292529333993 a composite number?
True
Is 732505997 a prime number?
True
Is 222872173 composite?
True
Is 498002989 a prime number?
False
Is 11645222213 a prime number?
True
Is 15130884661 composite?
True
Is 453009901 composite?
True
Is 63054940187 composite?
False
Is 2141675381 a composite number?
False
Is 9038573266 prime?
False
Is 1117941863 a composite number?
False
Is 2757485837 prime?
True
Is 102398753 composite?
False
Is 471025826 composite?
True
Is 11932448399 prime?
True
Is 5087004257 composite?
True
Is 1070637605 prime?
False
Is 270624973 a composite number?
False
Is 69134491477 prime?
True
Is 9613242547 prime?
True
Is 2650278539 a prime number?
True
Is 22566807749 a prime number?
True
Is 182547289 prime?
True
Is 3362238319 a composite number?
True
Is 61857491 composite?
False
Is 453560550563 prime?
True
Is 231101573 a composite number?
False
Is 8489311 prime?
True
Is 54664568311 a composite number?
True
Is 40214731 a prime number?
False
Is 4182227201 prime?
False
Is 8091458723 composite?
False
Is 12621966793 composite?
True
Is 596061793 a composite number?
False
Is 122360579 a composite number?
True
Is 841680401 prime?
True
Is 481431589 a prime number?
False
Is 39388891 a prime number?
True
Is 269519357 a prime number?
True
Is 1652055589 composite?
False
Is 4656522979 a composite number?
True
Is 29941417 a prime number?
False
Is 2020965193 prime?
False
Is 3736646581 a composite number?
False
Is 8670819617 a composite number?
True
Is 1144836067 prime?
True
Is 2678829017 composite?
True
Is 1082596093 a composite number?
True
Is 8716503391 a composite number?
False
Is 19601591621 prime?
True
Is 394131653 a prime number?
True
Is 204195793 a composite number?
True
Is 4252312601 composite?
True
Is 1232509939 composite?
True
Is 2002845893 prime?
True
Is 27056461933 prime?
True
Is 12665834411 prime?
False
Is 2798144263 a composite number?
True
Is 2713652671 composite?
False
Is 314144174301 prime?
False
Is 1357940509 a prime number?
False
Is 320185871 a prime number?
False
Is 55272705881 composite?
False
Is 243119413 composite?
False
Is 12762222189 a prime number?
False
Is 1273197427 prime?
True
Is 5998103989 prime?
True
Is 762628981 a composite number?
False
Is 139414410817 a composite number?
True
Is 1637827001 a composite number?
True
Is 115141773017 a prime number?
False
Is 10880568833 composite?
False
Is 733189487 a prime number?
True
Is 116471562299 composite?
False
Is 994556263 a composite number?
True
Is 1259119769 prime?
False
Is 8785856473 a prime number?
False
Is 49268017922 composite?
True
Is 11051217077 a prime number?
False
Is 3921026279 a composite number?
False
Is 5617759487 a composite number?
False
Is 1197354689 prime?
False
Is 3408073049 prime?
True
Is 469633069 composite?
True
Is 244430507 prime?
False
Is 3854087317 composite?
False
Is 9218917633 composite?
False
Is 2109233866 a prime number?
False
Is 6364964503 prime?
True
Is 641356921 a composite number?
False
Is 1528226389 prime?
False
Is 65452327363 composite?
True
Is 868435693 composite?
False
Is 28440069329 a prime number?
False
Is 5441864231 a composite number?
False
Is 90525712517 prime?
True
Is 298612687 a composite number?
True
Is 15047494249 prime?
True
Is 2619986197 composite?
True
Is 27942827671 composite?
True
Is 33949904657 a composite number?
False
Is 16237210619 prime?
False
Is 677749003 prime?
True
Is 813167741 a composite number?
False
Is 4213810729 composite?
False
Is 1237434767 composite?
True
Is 1317626197 composite?
False
Is 37751827487 composite?
True
Is 3497813769 prime?
False
Is 944011187 a prime number?
False
Is 3436856099 a prime number?
False
Is 13510691465 prime?
False
Is 215775211 prime?
True
Is 3773608757 prime?
True
Is 21470967491 composite?
True
Is 8350162967 composite?
False
Is 51373117709 composite?
True
Is 1050316283 a prime number?
True
Is 2616354391 a prime number?
False
Is 307896487 a composite number?
True
Is 84969529 composite?
True
Is 95640189917 a prime number?
True
Is 278232931355 a composite number?
True
Is 4121907145 prime?
False
Is 15371079991 composite?
False
Is 40567179353 composite?
False
Is 92965882241 a composite number?
True
Is 2756124841 a composite number?
True
Is 6620752703 prime?
True
Is 51599071847 a prime number?
False
Is 4040331023 prime?
True
Is 15686033669 a composite number?
False
Is 34404563 a composite number?
False
Is 2017003999 a composite number?
True
Is 133556039 a prime number?
True
Is 4154386837 a prime number?
True
Is 591825181 a prime number?
False
Is 167275091323 a prime number?
False
Is 26273536189 prime?
False
Is 109189271 a composite number?
False
Is 1083213743 composite?
False
Is 219063707 a prime number?
False
Is 40015448119 composite?
False
Is 223841599 prime?
True
Is 186880588327 composite?
False
Is 7213921801 a prime number?
True
Is 2434903997 a prime number?
True
Is 31838139083 a composite number?
False
Is 18513051361 a composite number?
True
Is 8879914717 a prime number?
True
Is 945163067 composite?
True
Is 4639279913 prime?
False
Is 151167649 a prime number?
False
Is 142118 a prime number?
False
Is 2820144143 composite?
True
Is 17158936523 a prime number?
True
Is 103562059277 a composite number?
False
Is 1327570537 composite?
True
Is 6792784667 prime?
True
Is 1534769321 prime?
False
Is 1395016